 n(h) = h - 9. Let z be n(14). Suppose -z*b = -10*b - 15. Let x(a) = a**2 + 8*a + 3. Calculate x(b).
-12
Let t(x) = 8*x - 2. Let p be (-4)/9*3 + (-6)/9. Determine t(p).
-18
Let s(k) = k**3 - k - 2. Let h = -12 - -7. Let x(r) = r + 5. Let q be x(h). Give s(q).
-2
Suppose -2*s - 2*p = -4*p - 4, 4 = -2*p. Suppose -20 = -5*l + 5*u, -4*l + 5*u = -15 - s. Let v(c) = -c**3 + 5*c**2 - 5. Determine v(l).
-5
Let n(q) be the first derivative of -q**4/4 + 2*q**3/3 - q**2 - 2*q - 3. Suppose -6 = 2*x - 5*x. Let d = 4 - x. Determine n(d).
-6
Let p(z) = -2*z - 1 + 2*z**2 - 3*z**2 + 2*z**2 + 4*z. Let h(c) = -c + 7. Let y be h(4). Determine p(y).
14
Let k(u) = 4*u**3 + 1 + 5*u - 5*u**3 + 4*u**2 + 2. Suppose 4*p - 4*w = w, 0 = -5*p + 4*w + 9. Calculate k(p).
3
Let r(u) = -u**3 - 2*u + 2 + 0*u + 2*u**2 + 0 - 1. Suppose -p + 4*p = 0. Suppose p = f - 2. Determine r(f).
-3
Let s(g) be the first derivative of -g**2/2 - 3*g - 105. Suppose w - 31 = -5*c, 3*w + 0*w - 3*c - 3 = 0. Calculate s(w).
-9
Let v(j) = j**2 - j + 1. Let g be v(0). Suppose -w - 4*b - 1 = g, -5*b = 10. Let n(h) = 2*h - 5. Calculate n(w).
7
Let k be 6/(-5)*5/(-2). Let u(z) = -z + 4. Let i be u(k). Let q(t) = 5*t**3 - 2*t + 1. Calculate q(i).
4
Let d(y) = 77 - 4*y - 37 - 43. Calculate d(-2).
5
Let l(v) = v + 1. Let i(h) = 5*h**2 + 3*h - 2. Let g be i(1). Calculate l(g).
7
Let y(f) = 4*f**2 - 2*f - 5. Let q(l) = -3*l**2 + l + 4. Let t(c) = -5*q(c) - 4*y(c). Calculate t(3).
0
Let d = 7 - 4. Let j(x) be the third derivative of 1/6*x**4 + 0 - 1/60*x**5 + 0*x - x**2 - 1/2*x**d. Determine j(2).
1
Suppose -2*i = -0*i - 12. Let q = i + -8. Let w = q + -1. Let s(l) = -l**3 - 4*l**2 + 3. Give s(w).
-6
Let o be 0 + 3 + -2*1. Let z(h) = 5*h**2 + h - 1. Give z(o).
5
Let o(j) = 1 - 11*j + 12*j - 6. Let w be 4/(-14) - (-52)/(-14). Determine o(w).
-9
Let o(a) = -8*a**3 - 2*a**2 - 2*a - 1. Suppose -5 + 12 = -7*w. Calculate o(w).
7
Let q(w) = -w**2 + w - 1. Suppose 5*l + 2*f + 4 = 0, 5*l = -4*f - 2 - 6. Suppose -2*r + l*r = -3*o + 2, -o + 2*r = 2. Determine q(o).
-3
Let x(l) = l**3 - 22*l**2 - l + 25. Let j be x(22). Let f(y) = y**2 - 3. Let i(h) = 3*h**2 - 9. Let g(q) = -7*f(q) + 2*i(q). Calculate g(j).
-6
Let c(q) = 4 - 2*q**2 + 0*q**2 + 3*q**2 + 5*q. Calculate c(-6).
10
Suppose 4*j - 8 = -0. Let g(h) = j*h - 4*h - 12 + 11 - 6*h**2. Suppose m + 4 = -3*i, 0 = 2*m - 3*m - 4*i - 5. What is g(m)?
-5
Let z(l) be the second derivative of -l**3/2 - 6*l. Determine z(-1).
3
Let s(i) = i**2 + 7*i + 4. Let x be s(-7). Let j(t) = -11*t**2 - 7*t - 4. Let a(y) = 5*y**2 + 3*y + 2. Let q(u) = 9*a(u) + 4*j(u). Determine q(x).
14
Let v(z) = -z**3 - z. Let a(c) = 3*c**3 + 6*c**2 + c + 6. Let f(q) = a(q) + 2*v(q). Suppose 0 = -2*p + 4*p + 12. Calculate f(p).
12
Let p(o) be the third derivative of o**8/6720 - o**7/2520 - o**6/360 - o**5/120 - o**4/8 - 2*o**2. Let l(f) be the second derivative of p(f). Determine l(2).
-1
Let d(u) = -u**2 - 11*u + 4. Let b = 19 + -30. Calculate d(b).
4
Let r(p) = -2*p - 5 + 11*p**2 + 1 - 13*p**3 + 3. Let t(l) = 6*l**2 - l - 9*l**3 - l + 2*l**3 + l - 1. Let a(w) = 6*r(w) - 11*t(w). Calculate a(0).
5
Let m(k) = -2*k**3 - k**2 + k. Let h(v) = v**3 - 3*v**2 - 3*v + 3. Let g = -1 + 4. Let y be h(g). Let p = 7 + y. Give m(p).
-2
Let x(m) = 2 + 2*m + m - 5. Let w(n) = n + 17. Let f be w(-14). Give x(f).
6
Suppose -7*t = -2*t - 10. Let m be (-39)/9 + 2/(-3). Let c(u) = -u**2 - 2*u + 4. Let k(d) = 2*d**2 + 2*d - 5. Let s(b) = m*c(b) - 4*k(b). Give s(t).
-8
Let w(l) be the third derivative of l**4/24 - 4*l**2. Let k be w(5). Let z(b) = -5*b + 14. Let o(i) = 6*i - 15. Let f(q) = 4*o(q) + 5*z(q). Calculate f(k).
5
Let y(q) = -4*q**2 - 6*q + 4. Let s(b) = 9*b**2 + 13*b - 9. Let p(l) = -6*s(l) - 13*y(l). Give p(2).
-6
Let b(m) = -m**3 + 2*m**2 + 2*m - 3. Let a be b(2). Suppose 5*q + 19 = -a. Let s(j) = j**3 + 4*j**2 + 3*j. Determine s(q).
-12
Let t = 8 - 5. Let x(c) be the first derivative of c**2/2 - 4*c - 2. What is x(t)?
-1
Let g(i) be the third derivative of i**6/120 + i**4/24 - 2*i**3/3 - 10*i**2. Suppose 0*q - 8 = -3*q - u, -2*q - 5*u = -14. Suppose q*j = 7*j. What is g(j)?
-4
Let y(z) = -z**2 + z - 2. Suppose 0 = 5*k + 5*d, -5*k + k = -4*d + 16. Determine y(k).
-8
Suppose -4*i = -h - 21, 2 - 1 = -i - h. Let n(x) = 1 - x**2 - x**2 + x**2 + 2*x. Calculate n(i).
-7
Suppose 0 = -5*g + 4*q + 111, 9 = 4*g - 3*q - 80. Suppose -5*s = -2 - g. Suppose s*h + 7 = -k, 0*h + 3*k = h - 5. Let i(b) = -b + 1. What is i(h)?
2
Let z(l) = -5*l**2. Let c be z(-1). Let y(f) = -f**2 - 8*f - 6. Calculate y(c).
9
Suppose -2 - 14 = 4*r. Let s(f) = f**2 - 1. Determine s(r).
15
Let c(o) = -o**2 + 4*o - 1. Suppose 0*h - 4*h = 2*l - 24, 5*h = -5*l + 40. Determine c(h).
-1
Let r(d) be the first derivative of 5*d**2/2 + d - 5. Give r(-2).
-9
Let u(x) = -2*x**3 + x**2 + x + 2. Suppose 74 = 3*w - 4*z, -70 = -4*w - 3*z + 62. Let q = -21 + w. Let o = q - 7. Give u(o).
-8
Let q(m) = 21*m + 37. Let x(z) = -6*z - 2*z + 4*z - z - 9. Let w(r) = -2*q(r) - 9*x(r). What is w(-5)?
-8
Let a(v) be the third derivative of -v**7/2520 + v**6/180 + v**5/24 + v**4/8 - 4*v**2. Let d(x) be the second derivative of a(x). Determine d(4).
5
Suppose l + 36 = -4*z + 5*l, -z - 4*l = -1. Let x be 2/8 + z/(-4). Let v(i) = i**2 + i**2 - i - 3*i**x + 0*i**2. Calculate v(-2).
-2
Suppose -3 = 3*v - 2*p - 5, -4*p = -3*v - 8. Let y be (-72)/(-16)*v/6. Let n(x) be the first derivative of x**3/3 - 3*x**2/2 + 3*x - 1. Give n(y).
3
Let o(z) = z**3 + z**2 - 3*z - 2. Let l = 38 + -46. Let s(r) = -10 + 0*r - 2*r + r. Let x be s(l). What is o(x)?
0
Let u(h) = -2*h**2 + 28 + 29 - 55. What is u(-3)?
-16
Suppose -4*z = -5*c - 17 + 2, c = 4*z - 3. Let s(d) = 3*d**3 - 11*d**2 - 11*d - 2. Let v(f) = f**3 - 4*f**2 - 4*f - 1. Let y(r) = 3*s(r) - 8*v(r). Give y(z).
2
Let b(m) = 2*m - 1. Let h = -4 - -12. Let y = 7 - h. What is b(y)?
-3
Let d(k) = -k**3 - 4*k**2 - 2*k + 4. Let p be 11 - (1 + -1)/(-3). Let v = p - 7. Suppose x + 3*x = 20, 0 = v*z + 5*x - 13. Calculate d(z).
1
Let h be 0 + 0 + 0 + 2. Let k(f) = -2*f**3 + 4*f**2 - 3*f + 1. What is k(h)?
-5
Let d(a) = -5*a - 1 + 6 - 4. What is d(-1)?
6
Suppose 5*y - 2*y - 12 = 0. Suppose -6*x + 6 = -3*x. Let k(t) = -6 + 2 - t + x*t - 2*t. Determine k(y).
-8
Let d(h) = h**2 + 7*h - 2. Suppose -3*y - 24 = 2*n, -3*n = -3*y + 6*y + 30. Determine d(n).
-8
Let v(p) = -p**3 - 5*p**2 - p - 4. Let y = 56 - 60. Determine v(y).
-16
Let u(n) = -n**2 + n + 7. Let y = -49 - -54. What is u(y)?
-13
Suppose s = 11 + 19. Let x be (-74)/(-12) + (-5)/s. Suppose -3*i - x = -18. Let q(z) = z**2 - 4*z - 4. What is q(i)?
-4
Let b(t) be the third derivative of -t**8/6720 - t**7/1260 + t**6/240 + t**5/30 - t**4/8 - 5*t**2. Let h(d) be the second derivative of b(d). Determine h(-3).
4
Suppose 0 = -s - 5*l + 19, -2*l = 2*s - 7*l - 68. Let q(u) = 3 - 3*u - 6 - 30*u**3 + u + s*u**3 - 4*u**2. Let i be 8/(-4)*3/2. What is q(i)?
-6
Let m(t) be the first derivative of -t**3/3 + 4*t**2 - 4*t + 3. Calculate m(7).
3
Suppose 0 = 5*c - 2*p + 2 - 3, -4*c = p + 7. Let q be (1/c)/(-1) - 2. Let z = 2 + q. Let l(o) = -3*o - 1. Calculate l(z).
-4
Suppose -2*p - 36 = 10*p. Let f(n) = n**3 + 2*n**2 - 3*n - 1. What is f(p)?
-1
Let v(y) = 0*y**2 + y**2 + 0*y**2 + 6 - 7*y. Suppose 2*h - 18 = -0*h. Let k be 6/h*(0 - -6). Determine v(k).
-6
Let o = -3 + 4. Let z(a) = o - 2*a + 1 + a. Calculate z(3).
-1
Let w(q) be the first derivative of -3*q + 3/2*q**2 - 6. Determine w(3).
6
Let m(p) = 0 - 6*p**3 + 2 - 2*p - 3 - p**2. Let l(x) = -x**2 + 10*x - 17. Let q be l(2). Calculate m(q).
6
Let v(i) = i**3 - 3*i - 1 + 0*i**3 + 5*i**3 + 2*i**2 - 5*i**3. What is v(-3)?
-1
Let i(x) = 2*x**2 - 2*x - 5 - 2*x**2 + x**2. Let g(n) = n + 4. Let c be g(4). Let k be 30/c + 5/20. Give i(k).
3
Let f(p) be the first derivative of -p**4/4 - 5*p**3/3 - 5*p**2/2 - 2*p - 1. Let y be (1 - (-4 - -1))/1. Suppose 0 = y*r - 3*r + 4. What is f(r)?
2
Let r = 0 - 5. Let j(q) be the second derivative of -q**4/12 - q**3 - 5*q**2/2 + 12*q + 3. What is j(r)?
0
Suppose -4*h - 4 = -3*h. Suppose -2*v + 5*a - 21 = 0, 4*v + 3*a - 32 + 9 = 0. Let y(s) = 3*s - 6*s**2 - 1 + v + 7*s**2. What is y(h)?
5
Let v(x) = -1. Let a(i) = 1 + 0 + 0 + i + 9. Let u = -9 - -13. Let l(f) = u*v(f) + a(f). Give l(-5).
1
Let x(u) = -4*u + 3. Let c(z) = -z - 1. L